8
Let g(d) = 2*d + 1. Suppose -4 = 2*n + 2*l, n - 2*l - 7 = -0*n. Calculate g(n).
3
Let s(g) = g**3 - 5*g**2 + 4*g + 6. Let k(c) = c**3 - 4*c**2 + 3*c + 7. Let l(h) = 3*k(h) - 4*s(h). What is l(7)?
-3
Let p(i) = -4 - 2*i - 12 + 20. Determine p(5).
-6
Let h(q) = 5*q**2 + q - 1. Let r(f) = -f - 3. Let y be r(-3). Suppose -w - 8 = -2. Let d be (-2)/w*(3 - y). Calculate h(d).
5
Let i(t) = 7*t - 2. Let d = 4 + -6. Determine i(d).
-16
Let o(b) = 2*b + 9. Let x(c) = 2*c + 8. Let m(l) = -5*o(l) + 6*x(l). What is m(-4)?
-5
Let d(t) = 41*t**3 + 4*t**2 - 2*t + 11. Let k(n) = 21*n**3 + 2*n**2 - n + 6. Let g(r) = 6*d(r) - 11*k(r). Let a be (4/(-8))/(2/(-4)). Calculate g(a).
16
Let m(q) be the second derivative of -5*q**3/6 - q**2/2 - 37*q. What is m(1)?
-6
Suppose 5*j - 3*d = 32 - 12, -2*d = -4*j + 16. Let w = 10 - 6. Suppose w = -0*r - j*r. Let b(a) = 2*a**3 + a**2 - 1. Give b(r).
-2
Let v(a) = 5*a + 3. Suppose 0*n = -2*n. Suppose n*k + 2*k + 6 = 0. What is v(k)?
-12
Let h(b) = b**3 + 2*b**2 + 2*b + 3. Suppose -x = -1 - 9. Let f = -12 + x. Give h(f).
-1
Let y(c) = -c**2 - 5*c - 5. Let b(s) be the second derivative of s**4/2 + 25*s**3/6 + 25*s**2/2 + 2*s. Let k(o) = -2*b(o) - 11*y(o). Calculate k(5).
5
Let f(t) = t**3 - 7*t**2 + 3*t + 7. Suppose 15 = 3*u - 3*n, -16 = 3*u + 3*n - 37. Give f(u).
-11
Suppose 4*b + 6 = -2*a + 6*b, 2*b - 14 = -2*a. Let w(f) be the first derivative of -2*f**3/3 - f**2/2 + 1. Calculate w(a).
-10
Let o(i) = -2*i**2 - 2*i. Let f(c) = 2*c**2 + 2*c. Let n(t) = 3*f(t) + 4*o(t). Suppose 2*u + 8 - 4 = 0. Determine n(u).
-4
Let q(n) = n**3 + 5*n**2 - n - 4. Let h be q(-5). Let f = 0 - h. Let z(d) = 1 + 0*d**3 + 2*d + 4*d**2 - 5*d**2 + 2*d**2 - d**3. Calculate z(f).
1
Let l(z) = -z**3 - 3*z**2 + 2*z. Suppose -2*w = -j - 3, j - 9 = 4*j - 4*w. Give l(j).
-6
Let s(q) = 3 - 8*q**2 - 3. Suppose -y = -2*y + 1. Calculate s(y).
-8
Let z(l) be the second derivative of -1/20*l**5 + 0 + l**2 + 1/6*l**3 + 8*l - 1/2*l**4. What is z(-6)?
-4
Let w(o) = -4*o - 3 + 0 + 0*o**2 - 3*o**2 + o**2. Let s = -12 + 22. Suppose -2*q - s = 3*q. Calculate w(q).
-3
Let d(m) be the first derivative of m**7/840 - m**6/90 + m**4/24 + 2*m**3 + 1. Let i(r) be the third derivative of d(r). Give i(4).
1
Let h(r) = -r**3 - 9*r**2 - 9*r - 3. Let i be h(-8). Let f(a) = a + 2. Determine f(i).
7
Let c(t) = t**2 + 4*t - 7. Let k be c(-5). Let f(z) be the third derivative of 3*z**2 + 0*z**5 + 1/24*z**4 + 0 - 1/120*z**6 + 0*z - 1/3*z**3. Determine f(k).
4
Let o(h) be the first derivative of 8*h**3/3 - h**2/2 + 8. Calculate o(-1).
9
Let x(r) = r + 1. Let i(f) = 6*f + 4. Let y(k) = 2*i(k) - 11*x(k). Let g = 34 - 37. Calculate y(g).
-6
Let g(k) = k**2 + 8*k + 5. Let v be g(-8). Let z be (3 - 2)/((-2)/(-10)). Suppose -2*r = -5*d + 2, -v*r + 3*d = -9 - z. Let i(b) = -b**2 + 3*b + 2. Give i(r).
-2
Let d(o) = -o**3 + o**2 + o - 8. Let k(a) = -a**2 + 7*a - 6. Let g be k(6). Give d(g).
-8
Let x = -13 + 14. Let y(v) = -v**2 + 8*v + 1 - 3*v + 6 - x. Give y(5).
6
Let f(p) be the second derivative of -p**4/12 - p**3/6 + 3*p**2/2 - 8*p. What is f(-3)?
-3
Let w(b) = -b**3 - 6*b**2 + 7*b + 5. Let c be w(-7). Let g(z) = c*z + z**2 - 3*z - z. Let v be 16/12*3/(-2). Calculate g(v).
2
Suppose 3*n = -3*a + 18, 0*a = 2*a - n. Let m(b) be the second derivative of b**4/12 - b**3/6 + b**2 + 3*b. Determine m(a).
4
Let k(f) be the first derivative of f**2/2 - 3*f + 1. Let i(n) = n - 8. Let c be i(4). Give k(c).
-7
Let u(t) = t**3 + 2*t**2 + 3*t - 4. Let x(c) = -5*c**3 - 9*c**2 - 12*c + 17. Let h = 0 + -2. Let d(m) = h*x(m) - 9*u(m). Give d(2).
4
Suppose -4*v = 2*l - 7*l + 46, 24 = 2*l - 3*v. Let r(m) = m**2 - 8*m + 3. Calculate r(l).
-9
Suppose 1 - 26 = 5*f. Let y(q) = -q - 1. Give y(f).
4
Let s(z) = -z**2 - 5*z - 5. Let a(j) = 5*j - 1. Let l be a(-1). Let w = -3 - l. Suppose -w*t - 5 = 7. What is s(t)?
-1
Let u(j) = -j**3 + 10*j**2 + 11*j + 4. Let q be u(11). Let t(y) = 3*y - q + 0*y - 2*y - 4*y. Calculate t(-4).
8
Let r = -32 - -34. Let n(h) be the third derivative of -1/12*h**4 + 0 + 0*h - 2/3*h**3 + 1/60*h**5 + 3*h**r. Give n(4).
4
Let y(w) be the second derivative of 7/2*w**2 + 0 + 0*w**3 - w + 1/20*w**5 - 5/12*w**4. Suppose -7*p + 35 = 3*m - 2*p, 5*m - 2*p = 17. Calculate y(m).
7
Let b(a) be the third derivative of a**6/120 - a**5/30 - a**4/24 + 3*a**2. What is b(3)?
6
Let p(w) = 2*w + 1. Let a(z) = -z**2 + 4*z - 3. Let j = -9 + 11. Let r be a(j). Determine p(r).
3
Let a(s) = -4*s - 6. Let c(q) = 5*q + 7. Let i(y) = 6*a(y) + 5*c(y). Give i(7).
6
Let j(s) = s - 1. Let u = -6 + 8. Let t be ((-3)/u - -1)*2. Calculate j(t).
-2
Let r = 92 - 92. Let o(v) = v - 13. Give o(r).
-13
Let x(u) = 3 + u**2 + 6*u**3 - 4*u**3 - 7*u**3 + 4*u**3 - 2*u. Give x(2).
-5
Let t be (-6)/(-4)*(-112)/(-24). Let v(b) = t - 7 - 3*b - 7*b. What is v(-1)?
10
Let a(l) = -l - 15. Let d be -1*(-2 - -6) + (24 - 20). What is a(d)?
-15
Let w(f) be the third derivative of f**6/120 - f**5/15 + 5*f**4/24 - 2*f**3/3 + 2*f**2. Give w(3).
2
Let c(t) = -t**2 - 8*t - 9. Let f(g) = -g**2 + 6*g - 11. Let a be f(5). Determine c(a).
3
Let t(q) = -q**2 - q + 2. Let r = -2 + 8. Suppose -r = -2*d - 4. Let b = d + -4. Determine t(b).
-4
Let j be 6/4 + 1/2. Suppose 0 = -v - j*v + 15. Let x(d) be the third derivative of -d**5/60 + 5*d**4/24 + d**3 + 2*d**2. Determine x(v).
6
Suppose 0 = -5*v + 5. Let b(x) = -x**2. Let y be b(v). Let s be (6/4)/(y/(-2)). Let n(o) = -5*o + 3. Give n(s).
-12
Suppose u = -0*k + 3*k - 11, 0 = -2*k - 4*u - 2. Let c(i) = 5 + i**2 - 6*i + k - 3 + 0. Determine c(4).
-3
Let x(y) = y**3 - 5*y**2 - 5*y - 2. Suppose 3*n - 12 = 0, 0 = -4*k - 0*n - n + 28. Determine x(k).
4
Suppose 89*a - 92*a = -9. Let v(b) = -b**3 + 3*b**2 + b - 2. What is v(a)?
1
Let g(h) = -3*h**2 + 4*h + 2*h**2 + h + 13 + 3*h. Determine g(10).
-7
Let r(l) = -15*l + 6. Let i be (-21)/(-5) - (-1)/(-5). Suppose -6 = -i*c + 46. Let g(w) = 7*w - 3. Let u(h) = c*g(h) + 6*r(h). What is u(-3)?
-6
Let a(p) = p**2 - 6*p + 2. Let g = 34 - 29. Give a(g).
-3
Let p = 6 + -4. Suppose -p*j + 2 = -4. Suppose -2*a = -j*a. Let l(r) = r**3 - 6. Calculate l(a).
-6
Let l(s) = s - 1. Let m = 4 - 0. Suppose 0 = -2*y + y + m. Let u = -5 + y. What is l(u)?
-2
Let u(b) = b**3 + 1. Let w(o) be the second derivative of -o**3/6 - o**2 - 8*o. Let l(k) = -k**2 + 7*k - 9. Let m be l(6). Let x be w(m). What is u(x)?
2
Let s be 3 + (5 + -8 - (0 - 3)). Let r(d) be the first derivative of -d**2 - 4*d + 1. What is r(s)?
-10
Let x be 3/((-6)/(-8))*(-1)/2. Let f(k) = -k**3 - k**2. What is f(x)?
4
Let d = -3 - 2. Let p(n) = -2*n + 3. Let k(c) = -23*c + 35. Let a(s) = 8*s - 12. Let i(j) = 8*a(j) + 3*k(j). Let z(r) = 3*i(r) - 8*p(r). Calculate z(d).
-2
Let n(z) be the third derivative of -z**7/840 - z**6/180 + z**5/60 - z**4/24 - z**3/3 + z**2. Let l(h) be the first derivative of n(h). Give l(-3).
2
Let f(t) = -3*t**2 - 6*t. Let y = 44 + -48. Determine f(y).
-24
Let t(x) = x**3 + 5*x**2 - 4*x - 3. Let h be 178/(-26) + 2 - 6/39. Calculate t(h).
17
Let t be (-36)/(-6)*1/2. Let x = t + -6. Let j(z) = -z - 2. What is j(x)?
1
Let r(x) = x + 8. Let k be 18/8*(-32)/12. Determine r(k).
2
Let a(x) be the second derivative of -11*x**4/12 - x**3/6 - x**2/2 - 7*x. Calculate a(-1).
-11
Let m(t) = t - 5. Let u be m(3). Let d be (15 + -3)/u + 1. Let c(f) = -f**3 - 5*f**2 - f - 3. Give c(d).
2
Let j = -12 + 20. Let s(g) = g**3 - 9*g**2 + 8*g + 2. Calculate s(j).
2
Let x(k) = -k - 1. Let d(f) = -f**2 - 2*f - 8. Let h(l) = d(l) - 6*x(l). Determine h(4).
-2
Let c(h) be the first derivative of h**2/2 + 4*h + 6. What is c(0)?
4
Let o(h) = h**2 + h. Let x(v) = v**3 - 11*v**2 + 10*v - 7. Let g = -15 + 25. Let p be x(g). Let m = -9 - p. Calculate o(m).
2
Let z be 1/((12/(-16))/(-3)). Let b(p) = p**2 - 2*p - 4. Calculate b(z).
4
Let b(x) = -3*x**3 + 2*x**2 - 19*x + 2. Let g = -5 + 0. Let n(a) = 2*a**3 - a**2 + 13*a - 1. Let m(k) = g*b(k) - 7*n(k). Suppose q = -3*q + 12. Give m(q).
9
Let y = -2 - 1. Let t(h) be the third derivative of h**6/120 + h**5/15 + h**4/8 + 3*h**2. Calculate t(y).
0
Let k(h) be the first derivative of 2 + 8*h - 1/2*h**2. Let f(u) = -u**2. Let r be f(0). Calculate k(r).
8
Let o(j) = j**3 - 6*j**2 + 4. Let f(x) = -x**2 + 14*x - 18. Let s be f(12). Calculate o(s).
4
Let n(v) be the second derivative of -v**4/